[INFO] cloning repository https://github.com/sampullman/rust-paint
[INFO] running `Command { std: "git" "-c" "credential.helper=" "-c" "credential.helper=/workspace/cargo-home/bin/git-credential-null" "clone" "--bare" "https://github.com/sampullman/rust-paint" "/workspace/cache/git-repos/https%3A%2F%2Fgithub.com%2Fsampullman%2Frust-paint", kill_on_drop: false }`
[INFO] [stderr] Cloning into bare repository '/workspace/cache/git-repos/https%3A%2F%2Fgithub.com%2Fsampullman%2Frust-paint'...
[INFO] running `Command { std: "git" "rev-parse" "HEAD", kill_on_drop: false }`
[INFO] [stdout] bda60bc8fc68d78bd3b997009e58a8387b795e0f
[INFO] checking sampullman/rust-paint against master#cfbc6d4cf1acbac5c025acf8ed68929caa551df3 for pr-75494-beta
[INFO] running `Command { std: "git" "clone" "/workspace/cache/git-repos/https%3A%2F%2Fgithub.com%2Fsampullman%2Frust-paint" "/workspace/builds/worker-3/source", kill_on_drop: false }`
[INFO] [stderr] Cloning into '/workspace/builds/worker-3/source'...
[INFO] [stderr] done.
[INFO] validating manifest of git repo https://github.com/sampullman/rust-paint on toolchain cfbc6d4cf1acbac5c025acf8ed68929caa551df3
[INFO] running `Command { std: "/workspace/cargo-home/bin/cargo" "+cfbc6d4cf1acbac5c025acf8ed68929caa551df3" "read-manifest" "--manifest-path" "Cargo.toml", kill_on_drop: false }`
[INFO] started tweaking git repo https://github.com/sampullman/rust-paint
[INFO] removed path dependency conrod from git repo https://github.com/sampullman/rust-paint
[INFO] finished tweaking git repo https://github.com/sampullman/rust-paint
[INFO] tweaked toml for git repo https://github.com/sampullman/rust-paint written to /workspace/builds/worker-3/source/Cargo.toml
[INFO] crate git repo https://github.com/sampullman/rust-paint already has a lockfile, it will not be regenerated
[INFO] running `Command { std: "/workspace/cargo-home/bin/cargo" "+cfbc6d4cf1acbac5c025acf8ed68929caa551df3" "fetch" "--locked" "--manifest-path" "Cargo.toml", kill_on_drop: false }`
[INFO] [stderr]     Updating crates.io index
[INFO] [stderr] error: the lock file /workspace/builds/worker-3/source/Cargo.lock needs to be updated but --locked was passed to prevent this
[INFO] [stderr] If you want to try to generate the lock file without accessing the network, use the --offline flag.
[INFO] the lockfile is outdated, regenerating it
[INFO] running `Command { std: "/workspace/cargo-home/bin/cargo" "+cfbc6d4cf1acbac5c025acf8ed68929caa551df3" "generate-lockfile" "--manifest-path" "Cargo.toml" "-Zno-index-update", kill_on_drop: false }`
[INFO] [stderr]     Blocking waiting for file lock on package cache
[INFO] running `Command { std: "/workspace/cargo-home/bin/cargo" "+cfbc6d4cf1acbac5c025acf8ed68929caa551df3" "fetch" "--locked" "--manifest-path" "Cargo.toml", kill_on_drop: false }`
[INFO] [stderr]     Blocking waiting for file lock on package cache
[INFO] [stderr]     Blocking waiting for file lock on package cache
[INFO] [stderr]  Downloading crates ...
[INFO] [stderr]   Downloaded conrod v0.55.1
[INFO] running `Command { std: "docker" "create" "-v" "/var/lib/crater-agent-workspace/builds/worker-3/target:/opt/rustwide/target:rw,Z" "-v" "/var/lib/crater-agent-workspace/builds/worker-3/source:/opt/rustwide/workdir:ro,Z" "-v" "/var/lib/crater-agent-workspace/cargo-home:/opt/rustwide/cargo-home:ro,Z" "-v" "/var/lib/crater-agent-workspace/rustup-home:/opt/rustwide/rustup-home:ro,Z" "-e" "SOURCE_DIR=/opt/rustwide/workdir" "-e" "CARGO_TARGET_DIR=/opt/rustwide/target" "-e" "CARGO_HOME=/opt/rustwide/cargo-home" "-e" "RUSTUP_HOME=/opt/rustwide/rustup-home" "-w" "/opt/rustwide/workdir" "-m" "1610612736" "--user" "0:0" "--network" "none" "rustops/crates-build-env@sha256:a636fd89d022f18117e1dc8fb37a0a009933cdbbe082814857f0e2024962d47c" "/opt/rustwide/cargo-home/bin/cargo" "+cfbc6d4cf1acbac5c025acf8ed68929caa551df3" "metadata" "--no-deps" "--format-version=1", kill_on_drop: false }`
[INFO] [stdout] bfc7bfcf9f1c5a6066ff57f74c23b94c17545dfc289ea28e966b6667e8ce83ee
[INFO] [stderr] WARNING: Your kernel does not support swap limit capabilities or the cgroup is not mounted. Memory limited without swap.
[INFO] running `Command { std: "docker" "start" "-a" "bfc7bfcf9f1c5a6066ff57f74c23b94c17545dfc289ea28e966b6667e8ce83ee", kill_on_drop: false }`
[INFO] running `Command { std: "docker" "inspect" "bfc7bfcf9f1c5a6066ff57f74c23b94c17545dfc289ea28e966b6667e8ce83ee", kill_on_drop: false }`
[INFO] running `Command { std: "docker" "rm" "-f" "bfc7bfcf9f1c5a6066ff57f74c23b94c17545dfc289ea28e966b6667e8ce83ee", kill_on_drop: false }`
[INFO] [stdout] bfc7bfcf9f1c5a6066ff57f74c23b94c17545dfc289ea28e966b6667e8ce83ee
[INFO] running `Command { std: "docker" "create" "-v" "/var/lib/crater-agent-workspace/builds/worker-3/target:/opt/rustwide/target:rw,Z" "-v" "/var/lib/crater-agent-workspace/builds/worker-3/source:/opt/rustwide/workdir:ro,Z" "-v" "/var/lib/crater-agent-workspace/cargo-home:/opt/rustwide/cargo-home:ro,Z" "-v" "/var/lib/crater-agent-workspace/rustup-home:/opt/rustwide/rustup-home:ro,Z" "-e" "SOURCE_DIR=/opt/rustwide/workdir" "-e" "CARGO_TARGET_DIR=/opt/rustwide/target" "-e" "CARGO_INCREMENTAL=0" "-e" "RUST_BACKTRACE=full" "-e" "RUSTFLAGS=--cap-lints=forbid" "-e" "CARGO_HOME=/opt/rustwide/cargo-home" "-e" "RUSTUP_HOME=/opt/rustwide/rustup-home" "-w" "/opt/rustwide/workdir" "-m" "1610612736" "--user" "0:0" "--network" "none" "rustops/crates-build-env@sha256:a636fd89d022f18117e1dc8fb37a0a009933cdbbe082814857f0e2024962d47c" "/opt/rustwide/cargo-home/bin/cargo" "+cfbc6d4cf1acbac5c025acf8ed68929caa551df3" "check" "--frozen" "--all" "--all-targets" "--message-format=json", kill_on_drop: false }`
[INFO] [stdout] 0c84caeb2922573d0f204bdb22d90f02dcac7acf4cf9bdb15b01a5b56160597f
[INFO] [stderr] WARNING: Your kernel does not support swap limit capabilities or the cgroup is not mounted. Memory limited without swap.
[INFO] running `Command { std: "docker" "start" "-a" "0c84caeb2922573d0f204bdb22d90f02dcac7acf4cf9bdb15b01a5b56160597f", kill_on_drop: false }`
[INFO] [stderr]    Compiling dtoa v0.4.6
[INFO] [stderr]    Compiling cfg-if v0.1.10
[INFO] [stderr]    Compiling byteorder v1.3.4
[INFO] [stderr]     Checking bitflags v0.9.1
[INFO] [stderr]     Checking lazy_static v1.4.0
[INFO] [stderr]     Checking rustc-demangle v0.1.16
[INFO] [stderr]    Compiling num-integer v0.1.43
[INFO] [stderr]    Compiling x11-dl v2.18.5
[INFO] [stderr]    Compiling proc-macro2 v0.3.8
[INFO] [stderr]     Checking piston-viewport v0.3.0
[INFO] [stderr]    Compiling phf v0.7.24
[INFO] [stderr]    Compiling rand_os v0.1.3
[INFO] [stderr]     Checking rand v0.4.6
[INFO] [stderr]    Compiling num-traits v0.2.12
[INFO] [stderr]    Compiling wayland-client v0.9.10
[INFO] [stderr]    Compiling wayland-protocols v0.9.10
[INFO] [stderr]     Checking num-complex v0.1.43
[INFO] [stderr]     Checking fs2 v0.2.5
[INFO] [stderr]    Compiling log v0.4.11
[INFO] [stderr]     Checking shared_library v0.1.9
[INFO] [stderr]     Checking pistoncore-input v0.19.0
[INFO] [stderr]    Compiling rand v0.6.5
[INFO] [stderr]     Checking memmap v0.4.0
[INFO] [stderr]     Checking backtrace v0.3.50
[INFO] [stderr]     Checking osmesa-sys v0.1.2
[INFO] [stderr]    Compiling log v0.3.9
[INFO] [stderr]    Compiling gl_generator v0.5.5
[INFO] [stderr]    Compiling quote v0.5.2
[INFO] [stderr]    Compiling syn v0.13.11
[INFO] [stderr]     Checking num-iter v0.1.41
[INFO] [stderr]     Checking rand v0.3.23
[INFO] [stderr]     Checking num-bigint v0.1.44
[INFO] [stderr]     Checking tempfile v2.2.0
[INFO] [stderr]     Checking stb_truetype v0.3.1
[INFO] [stderr]    Compiling num-traits v0.1.43
[INFO] [stderr]    Compiling serde_json v0.9.10
[INFO] [stderr]     Checking stb_truetype v0.2.8
[INFO] [stderr]     Checking rusttype v0.2.4
[INFO] [stderr]    Compiling glutin v0.9.2
[INFO] [stderr]    Compiling glium v0.17.1
[INFO] [stderr]    Compiling phf_generator v0.7.24
[INFO] [stderr]    Compiling phf_codegen v0.7.24
[INFO] [stderr]    Compiling target_build_utils v0.3.1
[INFO] [stderr]     Checking num-rational v0.1.42
[INFO] [stderr]     Checking num v0.1.42
[INFO] [stderr]    Compiling conrod_derive v0.1.2
[INFO] [stderr]    Compiling libloading v0.3.4
[INFO] [stderr]     Checking dlib v0.3.1
[INFO] [stderr]     Checking wayland-sys v0.9.10
[INFO] [stderr]     Checking wayland-kbd v0.9.1
[INFO] [stderr]     Checking wayland-window v0.7.0
[INFO] [stderr]     Checking winit v0.7.6
[INFO] [stderr]     Checking conrod v0.55.1
[INFO] [stderr]     Checking rust-paint v0.1.0 (/opt/rustwide/workdir)
[INFO] [stdout] error[E0433]: failed to resolve: maybe a missing crate `support`?
[INFO] [stdout]  --> src/paint/paint_area.rs:9:5
[INFO] [stdout]   |
[INFO] [stdout] 9 | use support::id::IdPool;
[INFO] [stdout]   |     ^^^^^^^ maybe a missing crate `support`?
[INFO] [stdout] 
[INFO] [stdout] 
[INFO] [stdout] error[E0432]: unresolved import `support`
[INFO] [stdout]   --> src/main.rs:19:5
[INFO] [stdout]    |
[INFO] [stdout] 19 | use support::EventLoop;
[INFO] [stdout]    |     ^^^^^^^ maybe a missing crate `support`?
[INFO] [stdout] 
[INFO] [stdout] 
[INFO] [stdout] error[E0433]: failed to resolve: use of undeclared type or module `IdPool`
[INFO] [stdout]    --> src/paint/paint_area.rs:163:26
[INFO] [stdout]     |
[INFO] [stdout] 163 |                 id_pool: IdPool::new(),
[INFO] [stdout]     |                          ^^^^^^ use of undeclared type or module `IdPool`
[INFO] [stdout] 
[INFO] [stdout] 
[INFO] [stdout] error[E0412]: cannot find type `IdPool` in this scope
[INFO] [stdout]   --> src/paint/paint_area.rs:38:14
[INFO] [stdout]    |
[INFO] [stdout] 38 |     id_pool: IdPool,
[INFO] [stdout]    |              ^^^^^^ not found in this scope
[INFO] [stdout] 
[INFO] [stdout] 
[INFO] [stdout] warning: unused label
[INFO] [stdout]   --> src/paint/paint_area.rs:65:13
[INFO] [stdout]    |
[INFO] [stdout] 65 |             'events: for widget_event in ui.widget_input(key_id).events() {
[INFO] [stdout]    |             ^^^^^^^
[INFO] [stdout]    |
[INFO] [stdout]    = note: `#[warn(unused_labels)]` on by default
[INFO] [stdout] 
[INFO] [stdout] 
[INFO] [stdout] warning: unused imports: `ContextBuilder`, `WindowBuilder`
[INFO] [stdout]   --> src/main.rs:14:29
[INFO] [stdout]    |
[INFO] [stdout] 14 | use conrod::glium::glutin::{ContextBuilder, WindowBuilder, EventsLoop, VirtualKeyCode};
[INFO] [stdout]    |                             ^^^^^^^^^^^^^^  ^^^^^^^^^^^^^
[INFO] [stdout]    |
[INFO] [stdout]    = note: `#[warn(unused_imports)]` on by default
[INFO] [stdout] 
[INFO] [stdout] 
[INFO] [stdout] warning: unused import: `paint::PaintWindow`
[INFO] [stdout]   --> src/main.rs:20:5
[INFO] [stdout]    |
[INFO] [stdout] 20 | use paint::PaintWindow;
[INFO] [stdout]    |     ^^^^^^^^^^^^^^^^^^
[INFO] [stdout] 
[INFO] [stdout] 
[INFO] [stdout] error[E0433]: failed to resolve: maybe a missing crate `support`?
[INFO] [stdout]  --> src/paint/paint_area.rs:9:5
[INFO] [stdout]   |
[INFO] [stdout] 9 | use support::id::IdPool;
[INFO] [stdout]   |     ^^^^^^^ maybe a missing crate `support`?
[INFO] [stdout] 
[INFO] [stdout] 
[INFO] [stdout] error[E0432]: unresolved import `support`
[INFO] [stdout]   --> src/main.rs:19:5
[INFO] [stdout]    |
[INFO] [stdout] 19 | use support::EventLoop;
[INFO] [stdout]    |     ^^^^^^^ maybe a missing crate `support`?
[INFO] [stdout] 
[INFO] [stdout] 
[INFO] [stdout] error[E0433]: failed to resolve: use of undeclared type or module `IdPool`
[INFO] [stdout]    --> src/paint/paint_area.rs:163:26
[INFO] [stdout]     |
[INFO] [stdout] 163 |                 id_pool: IdPool::new(),
[INFO] [stdout]     |                          ^^^^^^ use of undeclared type or module `IdPool`
[INFO] [stdout] 
[INFO] [stdout] 
[INFO] [stdout] error[E0412]: cannot find type `IdPool` in this scope
[INFO] [stdout]   --> src/paint/paint_area.rs:38:14
[INFO] [stdout]    |
[INFO] [stdout] 38 |     id_pool: IdPool,
[INFO] [stdout]    |              ^^^^^^ not found in this scope
[INFO] [stdout] 
[INFO] [stdout] 
[INFO] [stdout] warning: unused label
[INFO] [stdout]   --> src/paint/paint_area.rs:65:13
[INFO] [stdout]    |
[INFO] [stdout] 65 |             'events: for widget_event in ui.widget_input(key_id).events() {
[INFO] [stdout]    |             ^^^^^^^
[INFO] [stdout]    |
[INFO] [stdout]    = note: `#[warn(unused_labels)]` on by default
[INFO] [stdout] 
[INFO] [stdout] 
[INFO] [stdout] warning: unused imports: `ContextBuilder`, `WindowBuilder`
[INFO] [stdout]   --> src/main.rs:14:29
[INFO] [stdout]    |
[INFO] [stdout] 14 | use conrod::glium::glutin::{ContextBuilder, WindowBuilder, EventsLoop, VirtualKeyCode};
[INFO] [stdout]    |                             ^^^^^^^^^^^^^^  ^^^^^^^^^^^^^
[INFO] [stdout]    |
[INFO] [stdout]    = note: `#[warn(unused_imports)]` on by default
[INFO] [stdout] 
[INFO] [stdout] 
[INFO] [stdout] warning: unused import: `paint::PaintWindow`
[INFO] [stdout]   --> src/main.rs:20:5
[INFO] [stdout]    |
[INFO] [stdout] 20 | use paint::PaintWindow;
[INFO] [stdout]    |     ^^^^^^^^^^^^^^^^^^
[INFO] [stdout] 
[INFO] [stdout] 
[INFO] [stdout] error: aborting due to 4 previous errors; 3 warnings emitted
[INFO] [stdout] 
[INFO] [stdout] 
[INFO] [stdout] Some errors have detailed explanations: E0412, E0432, E0433.
[INFO] [stdout] 
[INFO] [stdout] For more information about an error, try `rustc --explain E0412`.
[INFO] [stdout] 
[INFO] [stdout] error: aborting due to 4 previous errors; 3 warnings emitted
[INFO] [stdout] 
[INFO] [stdout] 
[INFO] [stdout] Some errors have detailed explanations: E0412, E0432, E0433.
[INFO] [stdout] 
[INFO] [stdout] For more information about an error, try `rustc --explain E0412`.
[INFO] [stdout] 
[INFO] [stderr] error: could not compile `rust-paint`.
[INFO] [stderr] 
[INFO] [stderr] To learn more, run the command again with --verbose.
[INFO] [stderr] warning: build failed, waiting for other jobs to finish...
[INFO] [stderr] error: build failed
[INFO] running `Command { std: "docker" "inspect" "0c84caeb2922573d0f204bdb22d90f02dcac7acf4cf9bdb15b01a5b56160597f", kill_on_drop: false }`
[INFO] running `Command { std: "docker" "rm" "-f" "0c84caeb2922573d0f204bdb22d90f02dcac7acf4cf9bdb15b01a5b56160597f", kill_on_drop: false }`
[INFO] [stdout] 0c84caeb2922573d0f204bdb22d90f02dcac7acf4cf9bdb15b01a5b56160597f
